6*j - 3*j + 2522. Let c be (-70)/15 - 4/(-6). Let o be p(c). Calculate the greatest common factor of 13 and o.
13
Suppose c = 2*v + 66, -3*c + 163 = 5*v + 9. Let a(i) = -13*i + 217. Let n be a(10). What is the highest common factor of n and c?
29
Let n = 6 - -56. Let v = n + -57. Suppose f - 16 - 1 = -3*h, -10 = -v*h. What is the greatest common divisor of f and 11?
11
Let f be 2 + 152 + 0 + (-7 - (-5 - 8)). Calculate the greatest common divisor of f and 4000.
160
Let c = 5 - 5. Suppose 4*k + 17 - 193 = c. Suppose 4*l = -8 + k. Calculate the greatest common factor of l and 3.
3
Let n = 1494 - 922. What is the greatest common factor of n and 247?
13
Suppose -294 = -17*z + 488. Suppose -11*h - z = -14*h + 5*b, 3*h - 86 = -5*b. What is the highest common divisor of h and 209?
11
Suppose 11*x - 16*x + 1750 = 0. Let c be x/7*(0 - -3). What is the highest common divisor of 30 and c?
30
Let t be (-14)/42 + (-574)/(-3). Suppose 471 - t = -5*r. Let v be (48/r)/(2 + 71/(-35)). What is the highest common factor of 12 and v?
6
Let m(r) = -416*r - 1236. Let d be m(-3). What is the greatest common factor of 4912 and d?
4
Let z be (-41 + 83)*80/6. Let q(n) = -4*n - 29. Let w be q(-16). What is the greatest common factor of w and z?
35
Suppose 91*m + 264*m - 1775 = 0. Let a = 70 - 45. What is the highest common divisor of a and m?
5
Suppose 2*q + 213 = -3*t, -5*q - 555 = -4*t + 7*t. Let i = q - -157. Calculate the greatest common divisor of i and 86.
43
Let o be -1 + (-14)/(-7) - (-3)/1. Let b be 4*(83/o + -9). What is the highest common factor of 846 and b?
47
Suppose -32 = 6*h - 2*h. Let w be ((-33)/2)/(6/h). Suppose -12*l = 3*s - 7*l - 31, 4*s = 3*l - 7. Calculate the greatest common divisor of s and w.
2
Let v(l) = -51*l - 264. Let m(g) = 26*g - 110. Let t be m(4). Let z be v(t). Calculate the greatest common factor of 28 and z.
14
Let o be (-48)/12 - (-319 - 14). What is the greatest common factor of 7 and o?
7
Let p be ((-18)/10)/(12/(-60)). Let g = p + -13. Let t(z) = 11*z**2 - 5*z - 9. Let y be t(g). What is the greatest common divisor of y and 17?
17
Let r(f) = -f**3 - 6*f**2 - 9*f + 3. Let t be r(-4). Suppose -5*o - t = 2*o. Let q be 4 + o + (-5)/10*-114. What is the greatest common factor of 150 and q?
30
Suppose -3*j = 2*j + 4*s - 43, 5*j - 5*s - 25 = 0. What is the greatest common divisor of j and 1757?
7
Suppose 6*r + 4*n - 128 = 0, -13*r - 4*n + 74 = -10*r. Calculate the greatest common divisor of 3483 and r.
9
Let y(k) = k**3 + 7*k**2 - 2*k. Suppose -4*h = h + 25. Let u be y(h). Let x = 429 + -339. Calculate the greatest common divisor of u and x.
30
Suppose -248*j + 249*j = -4*k + 345, -5*k + 475 = -5*j. Suppose -3*p + 16 = p, -h - 2*p = -712. Calculate the greatest common factor of k and h.
88
Suppose 0*c + 50 = 5*h - 5*c, -2*h = -4*c - 22. Let s be (3/h)/(1/3). Suppose -189*q + 208 = -737. Calculate the greatest common divisor of q and s.
1
Suppose 0 = -3*l - 3*c + 2718, 4*l = -8*c + 6*c + 3610. What is the highest common divisor of 435 and l?
29
Suppose 24*k = 20*k - 312. Let a = k + 538. Let g = a - 243. Calculate the highest common factor of 31 and g.
31
Suppose -4 = -2*g - 0*g. Suppose 2*q = -2*k + 3*k - 8, k = -2*q - 4. Calculate the highest common divisor of k and g.
2
Suppose -138*h + 952 = -3326. What is the greatest common divisor of h and 341?
31
Suppose 4*b + 43*m - 145 = 44*m, -m = 4*b - 135. Calculate the greatest common divisor of 105 and b.
35
Suppose 35*i - 37*i - 536 = -4*k, -2*k + 288 = 4*i. Calculate the greatest common factor of 76 and k.
4
Let o = 2483 + -2413. Calculate the highest common divisor of o and 798.
14
Suppose -4*l + 2*h = -0*h - 10, -l + 5*h = -7. Suppose 4*f = -4*g + 3232, -l*g = 3*f + 289 - 2710. What is the greatest common divisor of 35 and f?
35
Suppose 0*b + 5*b - 633 = -2*c, 5*c - 145 = -b. Suppose 19*k = 18*k + b. Let r = k + -88. What is the highest common factor of 148 and r?
37
Let r(o) = -18*o + 11. Let c be r(6). Let k = 123 + c. Let t(y) = -y**3 + 8*y**2 + y + 5. Let p be t(8). Calculate the highest common factor of k and p.
13
Let o = 9 - 11. Let v be ((-48)/5)/((o - -1)/10). Calculate the highest common factor of 128 and v.
32
Let m = -10013 + 10314. Calculate the highest common divisor of 1161 and m.
43
Suppose -40*z = -906 - 1494. Let w = -44 + 74. What is the greatest common factor of z and w?
30
Let x = -37 + 60. Suppose 9*z - x = 4*z + 3*y, 3 = 2*z + 5*y. Let v(d) = -d**3 + 4*d**2 - 3. Let q be v(3). Calculate the greatest common factor of q and z.
2
Let k = 17 - 25. Let m be k/3*(4 - 13). Calculate the highest common divisor of 456 and m.
24
Suppose -4*m + 40 = -0. Let l = 7062 - 6852. What is the greatest common divisor of l and m?
10
Let l = -223 - -301. Calculate the greatest common factor of 7280 and l.
26
Let z = -11 - -115. Suppose 43 = -h + z. Suppose 5*c - 99 = i, -h = -3*c + i - 2*i. What is the greatest common factor of 4 and c?
4
Let f(i) = 5*i - 15. Let s be f(13). Suppose 3*h - s = -2*z + 2*h, 3*z - 3*h = 66. Calculate the greatest common factor of z and 24.
24
Let q(w) = 5*w**2 + 8*w + 38. Let d be q(-4). Let h = d - 12. Calculate the highest common factor of h and 74.
74
Let y(i) = -i**2 + i + 37. Let h be y(0). Let f = 57 - h. What is the greatest common factor of f and 40?
20
Suppose t - 2 = -0*t. Suppose s + 119 = -x, 0*x - 247 = t*x - s. Let z = -42 - x. What is the greatest common factor of z and 10?
10
Suppose 3*k - 375 = 6*p, 5*k - 694 + 144 = -5*p. What is the highest common factor of 736 and k?
23
Suppose 0 = -4*h + 5*h - 5. Let i(u) = h*u**2 + 7*u**2 - 12 - 10*u**2. Let b be i(3). What is the greatest common divisor of 24 and b?
6
Suppose 10*w - 2*q + 28 = 7*w, q + 1 = 0. Let a(j) = -j - 4. Let p be a(w). Let d be p/36 - ((-65)/6 - 1). Calculate the highest common factor of d and 180.
12
Suppose -20 = -2*o + 5*s - 138, -57 = o - 2*s. Let h be ((-10)/4)/(2/(-48)). Let m = h + o. What is the highest common divisor of m and 77?
11
Suppose 177*b = -256*b + 129*b + 15808. Suppose a = 2*x + 186, -544 = -2*a - a - x. What is the greatest common divisor of b and a?
26
Let s(i) = i**3 - 3*i**2 + 4*i - 2. Let z be s(2). Suppose -7*d = z*d - 270. What is the highest common divisor of 18 and d?
6
Suppose -3*p - 332*m + 568 = -336*m, 0 = -2*p + 3*m + 377. What is the highest common divisor of 364 and p?
28
Suppose -v = -4*c - 71, -6*v - 39 = c - 2*v. Let b be 36/(-28) + 2/7 - c. What is the highest common divisor of 48 and b?
6
Let n = 16 - 14. Suppose n - 12 = -5*m, 2*d - 102 = -5*m. Let h be 57*(-4)/(-12) - -4. Calculate the greatest common divisor of h and d.
23
Suppose 0 = -366*t + 257*t - 3052. Suppose 0 = -2*g - 8 - 0. Let x be (t/(-6) + g)/((-4)/(-126)). Calculate the highest common factor of 49 and x.
7
Suppose 6408 = 48*x + 41*x. Calculate the highest common divisor of x and 18.
18
Let z(o) = -2*o**3 + 125*o**2 + 87*o + 18. Let k be z(63). Calculate the highest common factor of k and 136.
34
Let r be -48*(-2 - 35/(-15)). Let v be (-6760)/r - 10/4. What is the greatest common factor of 60 and v?
60
Let w be 0 + -28 - 0 - -1. Let v be (-2)/33 - (-554559)/(-8811). Let z = w - v. Calculate the greatest common factor of z and 24.
12
Suppose 5*f - 8*f + 7 = 2*b, -2*f + b + 7 = 0. Suppose -o + 138 = -5*s - 250, -3*s = -f*o + 1104. What is the greatest common divisor of 33 and o?
33
Let w = -5926 - -5962. Calculate the highest common factor of 164 and w.
4
Let r = 2389 + -2344. What is the greatest common factor of 18345 and r?
15
Let c = 2453 - 1296. Calculate the highest common divisor of 39 and c.
13
Suppose 46*a - 49*a = 27. Let h be 54/4*(3/a + -1). Let w be (h/(-45))/((-3)/(-90)). What is the highest common factor of 12 and w?
12
Let m(w) = -3*w + 29. Let a be m(8). Suppose -9 - 11 = -a*s. Calculate the greatest common divisor of 16 and s.
4
Let m = -639 + 609. Let l be (768/(-15) + -2)/(6/m). What is the highest common factor of l and 28?
14
Suppose 3*s + 5*b = 942, s - 5*b - 181 = 173. Calculate the greatest common factor of 44 and s.
4
Suppose 224 = 5*j - 151. Suppose -10*g + 4*g = 0. Suppose 5*p = 2*u - 120, g*u - p = u - 46. What is the greatest common divisor of u and j?
25
Let l(s) = -618*s - 16800. Let c be l(-28). Calculate the greatest common divisor of